
False
Suppose 3*t - 8 = -4*o, 4*t = 4*o + t - 32. Suppose -5*m + o*u + 5195 = 0, -m + 5*m + 2*u - 4168 = 0. Is m a composite number?
True
Let p be (-18)/(-30) - 66/10. Is (-4 - p)*(-290)/(-4) a composite number?
True
Suppose 2639 = 13*a - 1404. Is a a prime number?
True
Let a(o) = o + 12. Let y be a(-12). Suppose 17*f - 19*f + 5626 = y. Is f composite?
True
Let i(z) = 70*z + 3. Let x(m) = -1. Let y(r) = i(r) + 4*x(r). Is y(18) a prime number?
True
Suppose -486 = 4*f - 5114. Is f a composite number?
True
Let z = -39 + 156. Let s = -66 + z. Is s a composite number?
True
Let l be 3*(12928/168 + (-4)/14). Let i = -139 + l. Is i a prime number?
False
Let w = -25 + 25. Suppose 5*l + k - 444 = w, -4*l + 5*k = 2*k - 359. Is l a prime number?
True
Suppose -7*c + z = -2*c + 3919, 4*z = 16. Let p = 1196 + c. Is p prime?
False
Suppose 5*n - 26982 = -3*x, -x = 4*n + 4577 - 13564. Is x a composite number?
False
Is (-191276)/(-10) + 144/(-240) composite?
True
Let l(m) = 21*m**2 + 18*m - 86. Is l(-14) a prime number?
False
Let f(x) = 484*x**2 + 11*x + 17. Is f(-4) prime?
True
Let k(a) = 370*a + 4. Let n be k(6). Suppose 659 = -3*s - 2*m + 2326, -4*s - 2*m + n = 0. Is s composite?
False
Let a be -1 - (3 + -5) - -14. Let b be (a - 19) + 185 + 1. Let c = b + 155. Is c a prime number?
True
Let y(s) = 9*s**2 + 2*s + 1. Let a be y(-1). Suppose -a = -x + 5*x. Is (-8)/x + 2 + 179 prime?
False
Suppose f + 0*c - 24 = 4*c, 4*f - 28 = -c. Let a(h) = h**3 - 5*h**2 + 11*h - 12. Let p be a(f). Suppose 3*q + p = r + 6*q, 4*r - 1002 = 2*q. Is r prime?
False
Let q(n) = 9*n**2 - 4*n - 12. Let v be q(5). Let x = v - 66. Is x composite?
False
Suppose -2*h + 5524 = 4*w, w + 5*h - 664 = 699. Is w prime?
False
Let g(v) = 204*v - 83. Is g(38) a composite number?
False
Suppose 5*d = -7*d + 2*d. Suppose 7*b - 551 - 114 = d. Is b a composite number?
True
Let a(r) be the second derivative of r**4/6 + 9*r**3/2 + 5*r**2/2 - 5*r. Is a(17) a prime number?
False
Let r = -19149 + 29956. Is r a prime number?
False
Suppose 6*p = 7*p + y - 4214, -5*y = -5. Is p composite?
True
Let z(l) = 148*l**3 + l**2 + 3*l - 5. Is z(2) a composite number?
True
Suppose -8181 + 2082 = -3*p. Is p prime?
False
Suppose 3*b + 22 - 214 = 0. Let s be (8 - b)/(2/(-2)). Suppose w - s - 23 = 0. Is w prime?
True
Let q = -51942 + 83471. Is q prime?
False
Let n = -13923 - -28996. Is n a composite number?
False
Let d = -7174 + 15593. Is d composite?
False
Let j(u) = -3*u + 5*u - 4*u. Let m be j(-1). Suppose 2*t + 11 = -2*y + 477, 0 = m*t + 5*y - 460. Is t a composite number?
True
Let i(f) = -1892*f - 175. Is i(-6) a prime number?
True
Suppose 3*q - 6 = -3*b, 4*q - 4*b + 5*b = 2. Suppose -518 = -q*j - 2*j. Suppose 3*l - j = 2*l. Is l composite?
True
Suppose -3*w - 264 = 2*w - 2*t, w = t - 54. Let z be -17*(-13)/(w/(-504)). Suppose -2*x + 5*g = 729 - 2160, 3*x = 3*g + z. Is x a composite number?
True
Let i = 15 + 12. Let d = -24 + i. Is d a composite number?
False
Let d = -47 - -43. Let l(j) = -51*j - 2*j - 1 + 6*j. Is l(d) a prime number?
False
Suppose 34 = 3*l - 5*z, -3*l - 2*l + 4*z = -35. Suppose 0 = 5*s - 4*q - 1387, 5*s - 2*s - 4*q - 837 = 0. Suppose -s = l*t - 1196. Is t prime?
True
Let j(l) = -107*l**3 + 3*l**2 - 9*l - 20. Is j(-3) a composite number?
True
Let f(w) = -2*w**2 + 2. Let r be f(-2). Is -3*-59*(-22)/r a composite number?
True
Let v = 262 - -45. Is v a prime number?
True
Let u(o) = -o**3 + 6*o**2 - 10*o + 1. Suppose -4*d = 4*i + 16, -5*d + 20 = -3*i + 56. Is u(d) composite?
True
Is (24 - 25)/(2*1/(-15206)) a composite number?
False
Let m = 11399 + 39422. Is m composite?
False
Suppose 2*l - f = 3124, -l + 2*l + 4*f - 1544 = 0. Suppose g - 5*x = 401, -g = -5*g - 2*x + l. Is g a composite number?
True
Let k = 58 - 56. Suppose k*q = -2*x + 28, -q + 20 = -4*x - x. Is q a prime number?
False
Let j be ((-6)/9)/((-2)/966). Suppose 0 = -5*n + 3*u + j, -2*n + 7*n = 5*u + 330. Suppose 59 = 3*s - 2*p - 0*p, n = 3*s - 5*p. Is s prime?
True
Suppose 5 = -c + 8. Suppose c*m = 5*l + 216, -15 = -3*m - 4*l + 228. Is m prime?
False
Suppose -3*p + 12 = -u, -2*p = -3*u - 0*u - 8. Suppose 0 = -3*n + 1 + 5. Suppose u = 4*l - n*l - 166. Is l prime?
True
Is (55895/(-140))/((-1)/4) a prime number?
True
Let d(k) = -81*k + 38. Is d(-5) prime?
True
Suppose -z + 4 + 9 = 3*x, -3*x = -2*z + 17. Suppose -j + z = -6*j. Is (-145)/j*(-6)/(-3) a composite number?
True
Let a(p) = -13*p - 141. Is a(-19) a prime number?
False
Suppose 0*o + 20 = o + 2*v, -3*o - 5*v = -55. Suppose 5*y + 2*h - 6*h = o, 0 = 5*h - 25. Is (-548)/(-8) - (-3)/y composite?
True
Let d(s) = s**2 - s + 5866. Let t be d(0). Suppose 18*b = 4*b + t. Is b a prime number?
True
Let n = 302 + -225. Is n a composite number?
True
Suppose -3*k + k - 50 = -4*q, -3 = k. Suppose 5*o + s = q, 0 = 5*o + 5*s + 3 + 2. Is (-176 - -2)*o/(-6) a composite number?
True
Let v(b) = 23*b**2 + b + 1. Suppose -14 = 4*a - 22. Is v(a) prime?
False
Let t(k) = -29*k - 4. Let l be t(-8). Let r = -141 + l. Suppose -r = -3*f + 798. Is f prime?
False
Is (-3)/(-2)*(-68684)/(-42) prime?
False
Let m = -61 - -63. Suppose -m*c + 0*c - 5*z = -3042, -4*z = -c + 1495. Is c prime?
True
Let y = -2371 - -9008. Is y a prime number?
True
Suppose 2*g = 2*j - 6, -2*g + 6*g = -12. Suppose -2*n - 2*n + 4*i + 240 = 0, j = 3*n + 3*i - 174. Is n prime?
True
Let o(n) = -n**3 - 6*n**2 - n - 8. Let r be o(-6). Suppose -2*i + i - 3*s = 159, -2*i = -3*s + 336. Is i/(-2) - r/4 composite?
False
Let f(t) = -2*t - 12. Let d be f(-6). Is 396 + (1 + d)/(-1) a composite number?
True
Let d be (-8)/(-16)*0/(-4 - -2). Suppose -4*p = -3*n - d*n + 2015, -4*p = 5*n - 3369. Is n a prime number?
True
Suppose 8*v = 6264 - 288. Suppose 2*p = -3*x - 2*p + 6926, 3*x = 3*p + 6912. Let i = x - v. Is i a prime number?
True
Let i = 88 + -680. Let j = 971 + i. Is j a composite number?
False
Suppose -10 = -8*l + 3*l. Suppose -2*g = l*g - 472. Is g a prime number?
False
Let w = -84 - -81. Is (3 + 1 + w)*(4073 + 0) a prime number?
True
Suppose -2*q = 2*y + 30, -3*y + 4*q = 50 + 2. Let v = y - -12. Is 3 + 0 - (v + -3) a composite number?
True
Let d(u) = -u - 5. Let g be d(-6). Let b be (67/1)/(g/6). Suppose -4*f = 3*i - 394, 3*i + b = 5*f - 77. Is f prime?
True
Suppose -3529645 = -19*t - 1148546. Is t a prime number?
False
Let r(i) = 2*i**2 + i - 4. Suppose -4*x = y - 22, 0 = -3*x - 3*y + y + 14. Let p be r(x). Is p/(6/21*1) a composite number?
True
Suppose -47*u + 8*u = -344838. Is u composite?
True
Let l(a) = -19*a**3 + a**2 - a + 3. Let b be l(-3). Let w = b - 109. Is w prime?
True
Suppose 13*v - 6*v - 21 = 0. Suppose 3*q = -v*q. Is 3/1 + q + 124 a composite number?
False
Let y = 130 - 84. Suppose -5*g + 49 = -y. Is g a prime number?
True
Let x = 34 + -144. Is x/(-3)*(-21)/(-14) a prime number?
False
Let h(l) = -229*l**2 + 3*l + 3. Let b(m) = 153*m**2 - 2*m - 2. Let v(w) = -8*b(w) - 5*h(w). Let k be v(2). Let u = -126 - k. Is u a prime number?
False
Let v(q) = -3*q**2 - 6*q - 4. Let d be v(11). Let p = d + 828. Is p composite?
True
Let t = -24618 + 43955. Is t a prime number?
False
Let b(y) = 3*y**2 - 47*y - 101. Is b(30) composite?
True
Suppose -3*n + 29322 = 3*t, -5*t - 4*n + 15424 + 33445 = 0. Is t prime?
False
Let c = 1126 + 4131. Is c a prime number?
False
Let c = 11669 - 7806. Is c a composite number?
False
Let j = 7 - -537. Suppose d - 1050 = -4*c, 2*d + 775 + j = 5*c. Is c a composite number?
False
Suppose -85*d + 1836660 + 953975 = 0. Is d prime?
True
Is (-2)/(-1)*(-587)/(-2) a prime number?
True
Suppose 5*i + 0*i + 14 = -4*k, -5*i + 40 = -5*k. Let l = 10 + k. Suppose -g + 2*n = -4*g + 661, l*g + 5*n - 872 = 0. Is g a prime number?
True
Let y = 20 + -10. Is 38*((-15)/y - -2) prime?
True
Let q = 1446 + 1507. Is q a composite number?
False
Suppose 5*z - 4*z = v + 4, 4*z + 3*v = 9. Let i(a) = 9*a**3 - 7*a**2 + 6*a - 7. Is i(z) a composite number?
False
Suppose -8720 = 16*q - 98928. Is q a composite number?
True
Suppose -1238 = -p - 0*r - 4*r, 5*r = 2*p - 2411. Let f = p - 661. Is f composite?
False
Let a(r) = -1 + 4*r - 12 + 5 + 439*r**2 + 2. Is a(1) a composite number?
True
Let q be 2/10 + 52461/145. Let p = 741 - q. Is p a prime number?
True
Let d = 12 + -11. Let l(f) = -2 + 2*f**2 - 11*f - d + 0 - 2. Is l(-8) a composite number?
False
Let s = -9